6 (base 7) to base 6.
43
What is 47 (base 8) in base 6?
103
5 (base 8) to base 13
5
Convert 11 (base 9) to base 10.
10
Convert -285 (base 9) to base 3.
-22212
Convert 0 (base 4) to base 12.
0
What is -25 (base 7) in base 6?
-31
-10202 (base 3) to base 14
-73
0 (base 3) to base 11
0
Convert -1202 (base 5) to base 15.
-bc
What is 0 (base 8) in base 12?
0
-34 (base 10) to base 9
-37
Convert -12 (base 4) to base 14.
-6
-2 (base 12) to base 4
-2
What is -13 (base 7) in base 16?
-a
What is 10 (base 11) in base 6?
15
Convert -1 (base 7) to base 3.
-1
What is -10 (base 3) in base 5?
-3
What is -100 (base 2) in base 8?
-4
-2 (base 5) to base 13
-2
What is 23 (base 4) in base 14?
b
What is -8a (base 11) in base 14?
-70
-7 (base 14) to base 4
-13
What is 3 (base 10) in base 12?
3
Convert -1b (base 12) to base 4.
-113
What is -11 (base 3) in base 10?
-4
Convert 1 (base 11) to base 2.
1
What is 231 (base 7) in base 2?
1111000
What is -1 (base 8) in base 16?
-1
Convert 31 (base 10) to base 8.
37
Convert -27 (base 11) to base 14.
-21
Convert 3 (base 7) to base 5.
3
36 (base 7) to base 2
11011
Convert -c (base 16) to base 9.
-13
Convert -1 (base 4) to base 14.
-1
Convert -11111010 (base 2) to base 10.
-250
-b (base 13) to base 8
-13
Convert 0 (base 8) to base 15.
0
Convert -1201 (base 3) to base 16.
-2e
-20 (base 3) to base 14
-6
What is 104 (base 8) in base 13?
53
What is 103 (base 8) in base 11?
61
19 (base 15) to base 4
120
-1001 (base 2) to base 15
-9
What is 9d (base 16) in base 9?
184
Convert 2 (base 13) to base 16.
2
133 (base 10) to base 16
85
-10210 (base 3) to base 16
-66
-333 (base 5) to base 6
-233
Convert -181 (base 15) to base 9.
-424
Convert -8 (base 11) to base 13.
-8
What is -8 (base 13) in base 8?
-10
Convert -89 (base 11) to base 12.
-81
What is -c1 (base 16) in base 6?
-521
Convert 1 (base 14) to base 4.
1
Convert 77 (base 8) to base 2.
111111
What is -2 (base 13) in base 2?
-10
5 (base 8) to base 12
5
-19 (base 16) to base 14
-1b
Convert -5 (base 15) to base 14.
-5
What is 12 (base 13) in base 12?
13
What is -20 (base 9) in base 11?
-17
Convert 32 (base 4) to base 6.
22
118 (base 10) to base 11
a8
Convert -10 (base 7) to base 10.
-7
What is 15 (base 8) in base 10?
13
Convert -53 (base 8) to base 10.
-43
What is -6 (base 15) in base 14?
-6
-34 (base 11) to base 7
-52
Convert 7a (base 15) to base 2.
1110011
Convert 1b9 (base 12) to base 10.
285
Convert -6 (base 9) to base 10.
-6
-11011 (base 2) to base 3
-1000
-2 (base 7) to base 10
-2
Convert 2 (base 13) to base 12.
2
3 (base 10) to base 16
3
-221 (base 8) to base 16
-91
What is 31 (base 6) in base 13?
16
Convert 7 (base 13) to base 3.
21
423 (base 6) to base 5
1114
What is 2 (base 14) in base 3?
2
What is -10 (base 3) in base 10?
-3
Convert -554 (base 6) to base 11.
-185
0 (base 8) to base 9
0
Convert -111 (base 2) to base 14.
-7
-c (base 15) to base 9
-13
Convert 2 (base 6) to base 11.
2
What is 10000000 (base 2) in base 11?
107
Convert 100000101 (base 2) to base 11.
218
-1011 (base 2) to base 7
-14
3 (base 13) to base 2
11
What is -8 (base 16) in base 14?
-8
-2 (base 6) to base 3
-2
What is -9 (base 11) in base 12?
-9
-3233 (base 4) to base 11
-1a8
Convert -2c (base 14) to base 7.
-55
Convert -25 (base 6) to base 14.
-13
What is 0 (base 4) in base 10?
0
-23 (base 6) to base 3
-120
-1a (base 15) to base 4
-121
What is -149 (base 14) in base 4?
-10011
What is -316 (base 9) in base 4?
-10002
Convert -3 (base 15) to base 14.
-3
What is -3 (base 6) in base 16?
-3
Convert 2 (base 12) to base 16.
2
Convert 16 (base 13) to base 12.
17
Convert -230 (base 4) to base 5.
-134
What is -112 (base 4) in base 13?
-19
-100 (base 4) to base 8
-20
Convert -122 (base 7) to base 12.
-55
-1 (base 10) to base 8
-1
What is -100 (base 12) in base 16?
-90
What is -24 (base 7) in base 13?
-15
What is 1110 (base 2) in base 15?
e
What is -b (base 13) in base 12?
-b
Convert -40 (base 6) to base 12.
-20
What is 7 (base 13) in base 3?
21
13 (base 5) to base 15
8
1 (base 11) to base 15
1
What is -3 (base 9) in base 4?
-3
What is -4 (base 14) in base 11?
-4
-3 (base 10) to base 4
-3
What is -111001 (base 2) in base 6?
-133
Convert -301 (base 4) to base 6.
-121
Convert 0 (base 7) to base 2.
0
29 (base 11) to base 4
133
What is 3 (base 9) in base 8?
3
Convert 7 (base 16) to base 6.
11
Convert 13 (base 7) to base 14.
a
-108 (base 12) to base 15
-a2
2 (base 15) to base 9
2
What is 44 (base 13) in base 3?
2002
Convert 1035 (base 7) to base 9.
450
4 (base 12) to base 9
4
What is 72 (base 11) in base 16?
4f
Convert -6a (base 14) to base 8.
-136
15 (base 7) to base 11
11
Convert -12 (base 4) to base 14.
-6
Convert 3 (base 6) to base 15.
3
Convert -6 (base 13) to base 6.
-10
32 (base 7) to base 16
17
26 (base 15) to base 3
1100
What is 111 (base 3) in base 13?
10
Convert -15 (base 7) to base 16.
-c
What is -10 (base 12) in base 2?
-1100
Convert -500 (base 6) to base 12.
-130
262 (base 8) to base 5
1203
Convert 17 (base 15) to base 6.
34
Convert -4a (base 11) to base 16.
-36
Convert 5 (base 8) to base 9.
5
22 (base 11) to base 2
11000
What is bb (base 12) in base 10?
143
Convert 311 (base 6) to base 14.
83
What is d (base 14) in base 12?
11
100101010 (base 2) to base 14
174
-43 (base 12) to base 9
-56
Convert -2 (base 14) to base 8.
-2
28 (base 16) to base 15
2a
What is a (base 14) in base 3?
101
3 (base 9) to base 13
3
2 (base 7) to base 11
2
-101 (base 2) to base 10
-5
Convert 22 (base 10) to base 13.
19
-40 (base 14) to base 11
-51
1 (base 6) to base 2
1
What is 1 (base 6) in base 2?
1
What is -33 (base 10) in base 8?
-41
-9 (base 14) to base 16
-9
352 (base 7) to base 16
b8
-5 (base 7) to base 8
-5
-4 (base 13) to base 3
-11
What is -1001 (base 2) in base 9?
-10
What is -22 (base 6) in base 4?
-32
What is -3 (base 15) in base 12?
-3
Convert 1 (base 12) to base 4.
1
12 (base 12) to base 6
22
40 (base 7) to base 9
31
Convert 130 (base 13) to base 11.
17a
What is 10 (base 3) in base 4?
3
-13 (base 11) to base 13
-11
-263 (base 8) to base 4
-2303
What is -a (base 13) in base 14?
-a
What is 42 (base 15) in base 8?
76
What is -342 (base 5) in base 6?
-241
What is 100 (base 5) in base 7?
34
-1321 (base 4) to base 8
-171
2 (base 13) to base 10
2
What is 515 (base 7) in base 11?
214
What is 221 (base 7) in base 5?
423
What is 2 (base 3) in base 13?
2
Convert -6 (base 10) to base 4.
-12
Convert -58 (base 10) to base 11.
-53
114 (base 12) to base 13
c4
What is 0 (base 15) in base 2?
0
53 (base 6) to base 16
21
Convert -3 (base 12) to base 2.
-11
Convert 12 (base 10) to base 13.
c
Convert 123 (base 4) to base 13.
21
What is 1 (base 5) in base 8?
1
What is -13 (base 4) in base 8?
-7
Convert -4 (base 8) to base 11.
-4
What is 9 (base 11) in base 9?
10
Convert 2 (base 10) to base 14.
2
-25 (base 6) to base 8
-21
What is 104 (base 11) in base 2?
1111101
What is -1421 (base 5) in base 2?
-11101100
-202 (base 7) to base 8
-144
Convert -e (base 16) to base 12.
-12
Convert 1 (base 7) to base 15.
1
0 (base 13) to base 12
0
1112 (base 4) to base 16
56
What is -177 (base 10) in base 4?
-2301
10 (base 3) to base 16
3
Convert b8 (base 15) to base 7.
335
What is -1 (base 11) in base 4?
-1
What is 10 (base 9) in base 14?
9
Convert 7a (base 15) to base 2.
1110011
What is -b (base 13) in base 16?
-b
What is 0 (base 9) in base 16?
0
What is 10102 (base 3) in base 11?
84
Convert -3 (base 9) to base 12.
-3
14 (base 6) to base 9
11
Convert -1002 (base 3) to base 13.
-23
What is -30 (base 4) in base 3?
-110
1 (base 10) to base 15
1
What is -2132 (base 4) in base 14?
-b4
What is -7 (base 11) in base 12?
-7
-10 (base 3) to base 16
-3
1 (base 2) to base 9
1
Convert 11 (base 6) to base 11.
7
Convert -3 (base 11) to base 15.
-3
What is 2 (base 6) in base 14?
2
Convert -3 (base 9) to base 8.
-3
32 (base 6) to base 13
17
Convert -38 (base 10) to base 11.
-35
-cd (base 16) to base 7
-412
Convert 0 (base 14) to base 3.
0
-10 (base 4) to base 9
-4
What is 122 (base 12) in base 13?
101
What is 11 (base 7) in base 15?
8
Convert -141 (base 6) to base 9.
-67
-5 (base 7) to base 16
-5
0 (base 14) to base 8
0
What is 23 (base 15) in base 14?
25
3 (base 7) to base 6
3
What is 12 (base 9) in base 16?
b
What is 4 (base 10) in base 13?
4
2 (base 14) to base 3
2
-67 (base 16